{"id":237,"date":"2026-01-05T14:19:37","date_gmt":"2026-01-05T14:19:37","guid":{"rendered":"https:\/\/yuzuhouse.fi\/?page_id=237"},"modified":"2026-01-05T14:19:37","modified_gmt":"2026-01-05T14:19:37","slug":"soseet","status":"publish","type":"page","link":"https:\/\/yuzuhouse.fi\/?page_id=237","title":{"rendered":"SOSEET"},"content":{"rendered":"\n<p><\/p>\n\n\n\n<div class=\"wp-block-columns is-layout-flex wp-container-core-columns-is-layout-28f84493 wp-block-columns-is-layout-flex\">\n<div class=\"wp-block-column is-layout-flow wp-block-column-is-layout-flow\">\n<ul class=\"wp-block-list\">\n<li>100% 3 kg<\/li>\n\n\n\n<li>Mango<\/li>\n\n\n\n<li>Passion<\/li>\n\n\n\n<li>Kurpitsa<\/li>\n\n\n\n<li>Omena<\/li>\n\n\n\n<li>P\u00e4\u00e4ryn\u00e4<\/li>\n\n\n\n<li>Premium mansikka<\/li>\n\n\n\n<li>Kirsikka<\/li>\n\n\n\n<li>Banaani<\/li>\n\n\n\n<li>Vadelma<\/li>\n\n\n\n<li>Aprikoosi<\/li>\n\n\n\n<li>Punaherukka<\/li>\n\n\n\n<li>Valkoherukka<\/li>\n\n\n\n<li>Persikka<\/li>\n\n\n\n<li>Premium porkkana<\/li>\n\n\n\n<li>Punainen appelsiini<\/li>\n<\/ul>\n<\/div>\n\n\n\n<div class=\"wp-block-column is-layout-flow wp-block-column-is-layout-flow\"><\/div>\n\n\n\n<div class=\"wp-block-column is-layout-flow wp-block-column-is-layout-flow\"><\/div>\n<\/div>\n","protected":false},"excerpt":{"rendered":"","protected":false},"author":1,"featured_media":0,"parent":0,"menu_order":0,"comment_status":"closed","ping_status":"closed","template":"","meta":{"footnotes":""},"class_list":["post-237","page","type-page","status-publish","hentry"],"_links":{"self":[{"href":"https:\/\/yuzuhouse.fi\/index.php?rest_route=\/wp\/v2\/pages\/237","targetHints":{"allow":["GET"]}}],"collection":[{"href":"https:\/\/yuzuhouse.fi\/index.php?rest_route=\/wp\/v2\/pages"}],"about":[{"href":"https:\/\/yuzuhouse.fi\/index.php?rest_route=\/wp\/v2\/types\/page"}],"author":[{"embeddable":true,"href":"https:\/\/yuzuhouse.fi\/index.php?rest_route=\/wp\/v2\/users\/1"}],"replies":[{"embeddable":true,"href":"https:\/\/yuzuhouse.fi\/index.php?rest_route=%2Fwp%2Fv2%2Fcomments&post=237"}],"version-history":[{"count":1,"href":"https:\/\/yuzuhouse.fi\/index.php?rest_route=\/wp\/v2\/pages\/237\/revisions"}],"predecessor-version":[{"id":238,"href":"https:\/\/yuzuhouse.fi\/index.php?rest_route=\/wp\/v2\/pages\/237\/revisions\/238"}],"wp:attachment":[{"href":"https:\/\/yuzuhouse.fi\/index.php?rest_route=%2Fwp%2Fv2%2Fmedia&parent=237"}],"curies":[{"name":"wp","href":"https:\/\/api.w.org\/{rel}","templated":true}]}}