{"id":220,"date":"2026-01-04T09:25:07","date_gmt":"2026-01-04T09:25:07","guid":{"rendered":"https:\/\/yuzuhouse.fi\/?page_id=220"},"modified":"2026-04-26T16:44:23","modified_gmt":"2026-04-26T16:44:23","slug":"ajinomoto","status":"publish","type":"page","link":"https:\/\/yuzuhouse.fi\/?page_id=220","title":{"rendered":"Appelsiinikukkien hunaja"},"content":{"rendered":"\n<p>Appelsiinikukkien hunaja on yksi arvostetuimmista yksikukkahunajista. Se ei ole hujaa johon on lis\u00e4tty sitrusta,<br>vaan mehil\u00e4set ker\u00e4\u00e4v\u00e4t meden suoraan sitruspuiden kuten: appelsiini-, sitruuna-, yuzu,- tai limettipuiden kukista. <\/p>\n\n\n\n<p><strong>Maku ja aromi<\/strong><\/p>\n\n\n\n<ul class=\"wp-block-list\">\n<li><strong>Hienostuneisuus: <\/strong>Maku on tyypillisesti mieto, makea ja siin\u00e4 on selke\u00e4, kukkainen vivahde.<\/li>\n\n\n\n<li><strong>Sitrushedelm\u00e4inen j\u00e4lkimaku:<\/strong> Vaikka se on makeaa, siin\u00e4 on usein kevyt, raikas happamuus tai<br>sitruksinen aromi, joka erottaa sen tavallisesta monikukkahunajasta.<\/li>\n\n\n\n<li><strong>Tuoksu:<\/strong> Eritt\u00e4in voimakas ja miellytt\u00e4v\u00e4, muistuttaen vastapuhjenneita appelsiinipuun kukkia.<\/li>\n<\/ul>\n\n\n\n<p><strong>Ulkon\u00e4k\u00f6 ja rakenne<\/strong><\/p>\n\n\n\n<ul class=\"wp-block-list\">\n<li><strong>V\u00e4ri: <\/strong>Tuoreena hyvin vaaleaa, l\u00e4hes kirkasta tai oljenkeltaista.<\/li>\n\n\n\n<li> <strong>Kristallisoituminen: <\/strong>Sitrushunaja kiteytyy suhteellisen nopeasti vaaleaksi, hienojakoiseksi ja kermaiseksi massaksi.<\/li>\n<\/ul>\n\n\n\n<p><strong>K\u00e4ytt\u00f6kohteet<\/strong><\/p>\n\n\n\n<p>Sitrushunaja on keitti\u00f6ss\u00e4 monipuolinen raaka-aine. Se sopii niin leivontaan, kuin j\u00e4lkiruokiin.<br>Erinomainen teen makeuttaja .<br>Sopii vaalen lihan marinaadeihin kuin my\u00f6s alaateihin tuomaan raikkautta ja makeutta.<\/p>\n\n\n\n<p>Hunaja tulee Espanjasta alueelta jossa appelsiinpuut nauttivat aurinkoisista p\u00e4ivist\u00e4 ja mehil\u00e4sille riitt\u00e4\u00e4 kukkia.<br>Sato tuotetaan kev\u00e4\u00e4ll\u00e4 kun kukat ovat kauneimmillaan. <\/p>\n\n\n\n<p>T\u00e4m\u00e4 erityislaatuinen premium tuote on raikas ja puhdas luonnontuote parhaimmillaan.<\/p>\n\n\n\n<p><br><\/p>\n","protected":false},"excerpt":{"rendered":"<p>Appelsiinikukkien hunaja on yksi arvostetuimmista yksikukkahunajista. Se ei ole hujaa johon on lis\u00e4tty sitrusta,vaan mehil\u00e4set ker\u00e4\u00e4v\u00e4t meden suoraan sitruspuiden kuten: appelsiini-, sitruuna-, yuzu,- tai limettipuiden kukista. Maku ja aromi Ulkon\u00e4k\u00f6 ja rakenne K\u00e4ytt\u00f6kohteet Sitrushunaja on keitti\u00f6ss\u00e4 monipuolinen raaka-aine. Se sopii niin leivontaan, kuin j\u00e4lkiruokiin.Erinomainen teen makeuttaja .Sopii vaalen lihan marinaadeihin kuin my\u00f6s alaateihin tuomaan raikkautta [&hellip;]<\/p>\n","protected":false},"author":1,"featured_media":0,"parent":0,"menu_order":0,"comment_status":"closed","ping_status":"closed","template":"","meta":{"footnotes":""},"class_list":["post-220","page","type-page","status-publish","hentry"],"_links":{"self":[{"href":"https:\/\/yuzuhouse.fi\/index.php?rest_route=\/wp\/v2\/pages\/220","targetHints":{"allow":["GET"]}}],"collection":[{"href":"https:\/\/yuzuhouse.fi\/index.php?rest_route=\/wp\/v2\/pages"}],"about":[{"href":"https:\/\/yuzuhouse.fi\/index.php?rest_route=\/wp\/v2\/types\/page"}],"author":[{"embeddable":true,"href":"https:\/\/yuzuhouse.fi\/index.php?rest_route=\/wp\/v2\/users\/1"}],"replies":[{"embeddable":true,"href":"https:\/\/yuzuhouse.fi\/index.php?rest_route=%2Fwp%2Fv2%2Fcomments&post=220"}],"version-history":[{"count":5,"href":"https:\/\/yuzuhouse.fi\/index.php?rest_route=\/wp\/v2\/pages\/220\/revisions"}],"predecessor-version":[{"id":298,"href":"https:\/\/yuzuhouse.fi\/index.php?rest_route=\/wp\/v2\/pages\/220\/revisions\/298"}],"wp:attachment":[{"href":"https:\/\/yuzuhouse.fi\/index.php?rest_route=%2Fwp%2Fv2%2Fmedia&parent=220"}],"curies":[{"name":"wp","href":"https:\/\/api.w.org\/{rel}","templated":true}]}}