{"id":201,"date":"2026-01-01T19:00:24","date_gmt":"2026-01-01T19:00:24","guid":{"rendered":"https:\/\/yuzuhouse.fi\/?page_id=201"},"modified":"2026-04-27T12:37:08","modified_gmt":"2026-04-27T12:37:08","slug":"meista","status":"publish","type":"page","link":"https:\/\/yuzuhouse.fi\/?page_id=201","title":{"rendered":"Meist\u00e4"},"content":{"rendered":"\n<p><\/p>\n\n\n\n<p>Homma alkoi maustekurkuista. Olin kiert\u00e4nyt markkinoita ymp\u00e4ri Suomea myyden marjoja, hedelmi\u00e4 ja suola- ja maustekurkkuja.<br>Vaihdoin alaa myyden kaikkea rakentamiseen ja ty\u00f6maiden sek\u00e4 henkil\u00f6iden suojaukseen liittyv\u00e4\u00e4.<br>Syksyll\u00e4 2020 otin aiemmin myymi\u00e4ni maustekurkkuja myyntiin ja yst\u00e4v\u00e4t rakastuivat niihin. Vaikka myynti on pient\u00e4 tyk\u00e4styin laadukkaiden elintarvikkeiden myyntiin.<\/p>\n\n\n\n<p>Pikku hiljaa valikoima on laajentunut ja olen t\u00e4ytt\u00e4nyt asiakkaiden toiveita ja aukkoja.<br>Laadusta ei tingit\u00e4.<\/p>\n\n\n\n<p>Nyt tie on vienyt jo artesaanituotteisiin ja pientilojen tuotteisiin. Espanjassa pientuottajat tuottavat eritt\u00e4in laadukkaita tuotteita kuten appelsiinikukkahunaja. Luontoa ei oikein paremmin voi kielen p\u00e4\u00e4lle tuoda.<br><\/p>\n","protected":false},"excerpt":{"rendered":"<p>Homma alkoi maustekurkuista. Olin kiert\u00e4nyt markkinoita ymp\u00e4ri Suomea myyden marjoja, hedelmi\u00e4 ja suola- ja maustekurkkuja.Vaihdoin alaa myyden kaikkea rakentamiseen ja ty\u00f6maiden sek\u00e4 henkil\u00f6iden suojaukseen liittyv\u00e4\u00e4.Syksyll\u00e4 2020 otin aiemmin myymi\u00e4ni maustekurkkuja myyntiin ja yst\u00e4v\u00e4t rakastuivat niihin. Vaikka myynti on pient\u00e4 tyk\u00e4styin laadukkaiden elintarvikkeiden myyntiin. Pikku hiljaa valikoima on laajentunut ja olen t\u00e4ytt\u00e4nyt asiakkaiden toiveita ja aukkoja.Laadusta [&hellip;]<\/p>\n","protected":false},"author":1,"featured_media":0,"parent":0,"menu_order":0,"comment_status":"closed","ping_status":"closed","template":"","meta":{"footnotes":""},"class_list":["post-201","page","type-page","status-publish","hentry"],"_links":{"self":[{"href":"https:\/\/yuzuhouse.fi\/index.php?rest_route=\/wp\/v2\/pages\/201","targetHints":{"allow":["GET"]}}],"collection":[{"href":"https:\/\/yuzuhouse.fi\/index.php?rest_route=\/wp\/v2\/pages"}],"about":[{"href":"https:\/\/yuzuhouse.fi\/index.php?rest_route=\/wp\/v2\/types\/page"}],"author":[{"embeddable":true,"href":"https:\/\/yuzuhouse.fi\/index.php?rest_route=\/wp\/v2\/users\/1"}],"replies":[{"embeddable":true,"href":"https:\/\/yuzuhouse.fi\/index.php?rest_route=%2Fwp%2Fv2%2Fcomments&post=201"}],"version-history":[{"count":3,"href":"https:\/\/yuzuhouse.fi\/index.php?rest_route=\/wp\/v2\/pages\/201\/revisions"}],"predecessor-version":[{"id":302,"href":"https:\/\/yuzuhouse.fi\/index.php?rest_route=\/wp\/v2\/pages\/201\/revisions\/302"}],"wp:attachment":[{"href":"https:\/\/yuzuhouse.fi\/index.php?rest_route=%2Fwp%2Fv2%2Fmedia&parent=201"}],"curies":[{"name":"wp","href":"https:\/\/api.w.org\/{rel}","templated":true}]}}