{"id":158,"date":"2026-01-01T07:10:35","date_gmt":"2026-01-01T07:10:35","guid":{"rendered":"https:\/\/yuzuhouse.fi\/?page_id=158"},"modified":"2026-01-11T18:02:32","modified_gmt":"2026-01-11T18:02:32","slug":"betis","status":"publish","type":"page","link":"https:\/\/yuzuhouse.fi\/?page_id=158","title":{"rendered":"BETIS"},"content":{"rendered":"\n<ul class=\"wp-block-list\">\n<li>Extra virgin oliivi\u00f6ljy. 473ml peltipurkissa. Alkaen 4,95\u20ac alv. 0 (kuvassa)<\/li>\n\n\n\n<li>Oliivi\u00f6ljyt<\/li>\n\n\n\n<li>Oliivi\u00f6ljy sekoitus<\/li>\n\n\n\n<li>Puristemassa \u00f6ljyt<\/li>\n\n\n\n<li>Kevyt oliivi\u00f6ljyt<\/li>\n\n\n\n<li>Etikat<\/li>\n\n\n\n<li>Aromi\u00f6ljyt tehd\u00e4\u00e4n extra virgin \u00f6ljyyn<br>: valkosipuli, valkosipuli\/chili, oregano, tryffeli ja mustapippuri\/sitruuna<\/li>\n<\/ul>\n\n\n\n<figure class=\"wp-block-image size-full\"><img loading=\"lazy\" decoding=\"async\" width=\"411\" height=\"694\" src=\"https:\/\/yuzuhouse.fi\/wp-content\/uploads\/2026\/01\/AOVE-_16-Oz-v2.jpg\" alt=\"\" class=\"wp-image-277\" srcset=\"https:\/\/yuzuhouse.fi\/wp-content\/uploads\/2026\/01\/AOVE-_16-Oz-v2.jpg 411w, https:\/\/yuzuhouse.fi\/wp-content\/uploads\/2026\/01\/AOVE-_16-Oz-v2-178x300.jpg 178w\" sizes=\"auto, (max-width: 411px) 100vw, 411px\" \/><\/figure>\n\n\n\n<div class=\"wp-block-buttons is-layout-flex wp-block-buttons-is-layout-flex\">\n<div class=\"wp-block-button\"><a class=\"wp-block-button__link wp-element-button\" href=\"https:\/\/torresyribelles.com\/\">OLIIVI\u00d6LJYN KOTI<\/a><\/div>\n<\/div>\n\n\n\n<p><\/p>\n","protected":false},"excerpt":{"rendered":"","protected":false},"author":1,"featured_media":0,"parent":0,"menu_order":0,"comment_status":"closed","ping_status":"closed","template":"","meta":{"footnotes":""},"class_list":["post-158","page","type-page","status-publish","hentry"],"_links":{"self":[{"href":"https:\/\/yuzuhouse.fi\/index.php?rest_route=\/wp\/v2\/pages\/158","targetHints":{"allow":["GET"]}}],"collection":[{"href":"https:\/\/yuzuhouse.fi\/index.php?rest_route=\/wp\/v2\/pages"}],"about":[{"href":"https:\/\/yuzuhouse.fi\/index.php?rest_route=\/wp\/v2\/types\/page"}],"author":[{"embeddable":true,"href":"https:\/\/yuzuhouse.fi\/index.php?rest_route=\/wp\/v2\/users\/1"}],"replies":[{"embeddable":true,"href":"https:\/\/yuzuhouse.fi\/index.php?rest_route=%2Fwp%2Fv2%2Fcomments&post=158"}],"version-history":[{"count":8,"href":"https:\/\/yuzuhouse.fi\/index.php?rest_route=\/wp\/v2\/pages\/158\/revisions"}],"predecessor-version":[{"id":283,"href":"https:\/\/yuzuhouse.fi\/index.php?rest_route=\/wp\/v2\/pages\/158\/revisions\/283"}],"wp:attachment":[{"href":"https:\/\/yuzuhouse.fi\/index.php?rest_route=%2Fwp%2Fv2%2Fmedia&parent=158"}],"curies":[{"name":"wp","href":"https:\/\/api.w.org\/{rel}","templated":true}]}}